410
In base 4, what is -121322 - 10?
-121332
In base 4, what is -11233 - 10?
-11303
In base 16, what is 84 + 1?
85
In base 4, what is -131 + -2?
-133
In base 3, what is -100 - -122?
22
In base 14, what is -1819 - 0?
-1819
In base 11, what is 36 - -4?
3a
In base 3, what is 2 + 1121?
1200
In base 7, what is -1 + 16306?
16305
In base 13, what is 1 + -3b4?
-3b3
In base 13, what is 0 + 98?
98
In base 12, what is -4 - 85?
-89
In base 5, what is -1 - 320?
-321
In base 4, what is -30312 + -23?
-31001
In base 14, what is 0 - -b?
b
In base 3, what is 21011 - -2002?
100020
In base 13, what is -527 - 1?
-528
In base 2, what is -101 - 111011101?
-111100010
In base 6, what is -14 - -51?
33
In base 11, what is -490 - 4?
-494
In base 13, what is 4 - -86?
8a
In base 11, what is 8a + -1?
89
In base 5, what is -13 - -100?
32
In base 10, what is 275 + 3?
278
In base 9, what is 5 + 431?
436
In base 13, what is 16 + 37?
50
In base 4, what is 1132233 - 11?
1132222
In base 10, what is 47 - -122?
169
In base 15, what is 4 - 1a5?
-1a1
In base 13, what is 12 - -5?
17
In base 8, what is 1 - -64?
65
In base 15, what is 337 - 3?
334
In base 7, what is -2 + 260?
255
In base 12, what is -22 + 24?
2
In base 7, what is -14642 + -10?
-14652
In base 5, what is -4 - 11133?
-11142
In base 8, what is 16307 + 2?
16311
In base 11, what is 762 + -5?
758
In base 6, what is 20 - 1?
15
In base 11, what is -3 - -339?
336
In base 3, what is 1 + 10221101?
10221102
In base 13, what is bb + -2?
b9
In base 3, what is 11110 - 12?
11021
In base 15, what is 8d9 + -4?
8d5
In base 16, what is -74 - d?
-81
In base 11, what is -2a - 94?
-113
In base 5, what is 21 - 2244?
-2223
In base 13, what is -a09 - 2?
-a0b
In base 11, what is -1 - -2525?
2524
In base 4, what is 0 - 30002?
-30002
In base 9, what is 510 - 0?
510
In base 6, what is -422 + -4?
-430
In base 10, what is 9 + 13?
22
In base 5, what is -1004430 - -4?
-1004421
In base 7, what is -34 - 20?
-54
In base 10, what is -45 - -2?
-43
In base 2, what is 101100000111100 + 11?
101100000111111
In base 6, what is -311 - -31?
-240
In base 2, what is 101 - -1000011100?
1000100001
In base 12, what is 0 - -a39?
a39
In base 8, what is -205 + -5?
-212
In base 9, what is 132 + 71?
213
In base 5, what is -134 + 2041?
1402
In base 16, what is -5 - -356?
351
In base 14, what is 1 - 658?
-657
In base 10, what is 5410 - 0?
5410
In base 11, what is 3699 + 4?
36a2
In base 11, what is 11037 + 4?
11040
In base 4, what is -111312 - -10?
-111302
In base 15, what is 16 + e9?
110
In base 15, what is 5 + 97e?
984
In base 9, what is -10 + 48?
38
In base 11, what is 831 - -1?
832
In base 12, what is -15 - 5?
-1a
In base 5, what is -3 - -20011?
20003
In base 10, what is 0 - 2?
-2
In base 5, what is 4 + -14122?
-14113
In base 8, what is -74 - 24?
-120
In base 6, what is -3 - 132?
-135
In base 10, what is -2 - -149?
147
In base 4, what is -101232 + -11?
-101303
In base 4, what is -11 + -1001?
-1012
In base 16, what is 2b3 - 5?
2ae
In base 14, what is -1b5 - -4?
-1b1
In base 4, what is -11010 - -10?
-11000
In base 9, what is -2 + -173?
-175
In base 8, what is 111 - -44?
155
In base 13, what is -2 + -25ab?
-25b0
In base 5, what is -4 - 1113?
-1122
In base 4, what is 21212 + -11?
21201
In base 8, what is 1 + 1445?
1446
In base 12, what is -2 + -15?
-17
In base 4, what is -103 - 30?
-133
In base 11, what is -3a + 58?
19
In base 4, what is -10022 + -10?
-10032
In base 15, what is -6b + -8?
-74
In base 10, what is 139 - 63?
76
In base 5, what is 30 + -4341?
-4311
In base 16, what is 1e9 - -3?
1ec
In base 8, what is 363 - -3?
366
In base 8, what is 777 + 2?
1001
In base 15, what is 3 - -196?
199
In base 11, what is 14 + -55?
-41
In base 16, what is 15 + 58c?
5a1
In base 13, what is -87 + 2?
-85
In base 11, what is -1 + 1143?
1142
In base 14, what is -2a + c?
-1c
In base 11, what is -161 + -10?
-171
In base 11, what is -91 - 3?
-94
In base 12, what is -275 - 7?
-280
In base 2, what is 1100 + -100001?
-10101
In base 16, what is -2 - 58b?
-58d
In base 12, what is -44 + -38?
-80
In base 10, what is 2 - -175?
177
In base 14, what is -34 + 3?
-31
In base 9, what is -1 - -36?
35
In base 12, what is -3ab0 - -4?
-3aa8
In base 4, what is -11 - -1002?
331
In base 7, what is -4 - -4440?
4433
In base 16, what is -3 - 2bc?
-2bf
In base 13, what is -6 + -5b8?
-5c1
In base 4, what is 3221 + -211?
3010
In base 7, what is -3 - -35?
32
In base 16, what is -55 - -5?
-50
In base 9, what is 121 - 3?
117
In base 16, what is -19b4 - 5?
-19b9
In base 12, what is -31 + 18?
-15
In base 14, what is 3 + -d00?
-cdb
In base 11, what is 10 + 5?
15
In base 7, what is -2 + 10461?
10456
In base 4, what is 322 - 1?
321
In base 12, what is -57 - -72?
17
In base 3, what is -2110200 + -10?
-2110210
In base 8, what is 6 + 423?
431
In base 5, what is -1 - -33410?
33404
In base 4, what is -22 + -21?
-103
In base 10, what is -135 + 1?
-134
In base 4, what is -1 + 22111?
22110
In base 8, what is 4 - -206?
212
In base 2, what is -101101 - 1111?
-111100
In base 15, what is 36 - 3?
33
In base 11, what is 617 + 2?
619
In base 4, what is -2 - -1132?
1130
In base 2, what is -10 + 1001001101010?
1001001101000
In base 15, what is 84 - -5?
89
In base 13, what is -413 + -3?
-416
In base 16, what is -25b - -4?
-257
In base 3, what is -112110 - -12?
-112021
In base 6, what is 311 - -4?
315
In base 15, what is 0 - -3d?
3d
In base 5, what is -200 + 13?
-132
In base 12, what is 0 + -45?
-45
In base 4, what is -101303 + 11?
-101232
In base 9, what is -4 - 0?
-4
In base 16, what is 49d - 2?
49b
In base 15, what is -263 - -18?
-24a
In base 13, what is 4 + 1601?
1605
In base 3, what is 2 + -10102?
-10100
In base 15, what is 2 - 181?
-17e
In base 14, what is 80 + -3?
7b
In base 4, what is 0 + 121?
121
In base 11, what is -6 + aa?
a4
In base 16, what is 4 + c8?
cc
In base 7, what is 2 + 201?
203
In base 15, what is -b7 + 16?
-a1
In base 15, what is 5 + -126?
-121
In base 10, what is 1138 + 2?
1140
In base 2, what is 10001011 + -1?
10001010
In base 10, what is -1 + 94?
93
In base 5, what is -3 - -4220?
4212
In base 16, what is 15 + 0?
15
In base 14, what is 6 - -5?
b
In base 6, what is -23 + -320?
-343
In base 11, what is 2 - -87?
89
In base 7, what is 26 + 0?
26
In base 16, what is 125 + 2?
127
In base 15, what is 297 + 3?
29a
In base 9, what is -120 - 0?
-120
In base 4, what is 10 - 212?
-202
In base 5, what is -222202 + 3?
-222144
In base 8, what is 5 + 240?
245
In base 12, what is 17 + 4?
1b
In base 5, what is 230 + -43?
132
In base 16, what is -2e - b?
-39
In base 5, what is 3 + -10144?
-10141
In base 2, what is -1 - -1011100100100?
1011100100011
In base 14, what is 29 + -381?
-356
In base 4, what is -3 - 1030?
-1033
In base 6, what is -401 + -1?
-402
In base 12, what is -3 + 230?
229
In base 5, what is -23 + -12?
-40
In base 14, what is -1958 + 0?
-1958
In base 10, what is -17 - 11?
-28
In base 15, what is -7 + -4d0?
-4d7
In base 13, what is -13 - 303?
-316
In base 7, what is -1514 + 0?
-1514
In base 7, what is -4 - -12541?
12534
In base 13, what is 49 + -1?
48
In base 16, what is 4 + 3d?
41
In base 7, what is 245 - 5?
240
In base 4, what is 10201 - -10?
10211
In base 9, what is 6 + -4551?
-4544
In base 9, what is -2 - -4415?
4413
In base 12, what is -5 + -64?
-69
In base 13, what is 4 + 26?
2a
In base 5, what is -112 - 31?
-143
In base 15, what is 3 - -13cb?
13ce
In base 10, what is 21 + -7?
14
In base 16, what is -2d - 25?
-52
In base 15, what is -18 + 5?
-13
In base 6, what is -51 - 3?
-54
In base 4, what is -113133 + 0?
-113133
In base 10, what is -17998 - -1?
-17997
In base 9, what is 21 - 12?
8
In base 9, what is 2058 - 0?
2058
In base 16, what is -35 + -83?
-b8
In base 7, what is 111 + -3?
105
In base 10, what is 150 + 9?
159
In base 5, what is -132 + -10?
-142
In base 13, what is -2 - -184?
182
In base 5, what is 11032 + 10?
11042
In base 13, what is 68 + -b?
5a
In base 5, what is -2242 - 1?
-2243
In base 4, what is 121 - 30013?
-23232
In base 10, what is -2 + -62?
-64
In base 11, what is -4 - -524?
520
In base 7, what is 3 + 100?
103
In base 5, what is 0 - 44?
-44
In base 3, what is -221220 + 2?
-221211
In base 15, what is 271 - -1?
272
In base 13, what is 4 + -1012?
-100b
In base 14, what is 1430 + -1?
142d
In base 8, what is 1